{"id":110,"date":"2024-04-17T08:33:10","date_gmt":"2024-04-17T06:33:10","guid":{"rendered":"http:\/\/vettinggreen.eu\/?page_id=110"},"modified":"2025-12-16T15:37:54","modified_gmt":"2025-12-16T14:37:54","slug":"proyecto","status":"publish","type":"page","link":"https:\/\/vettinggreen.eu\/es\/proyecto\/","title":{"rendered":"FINALIDAD DEL PROYECTO"},"content":{"rendered":"\n<div class=\"wp-block-group alignfull has-base-background-color has-background has-global-padding is-layout-constrained wp-container-core-group-is-layout-669513ed wp-block-group-is-layout-constrained\" style=\"margin-top:0;margin-bottom:0;padding-top:var(--wp--preset--spacing--50);padding-right:var(--wp--preset--spacing--50);padding-bottom:var(--wp--preset--spacing--50);padding-left:var(--wp--preset--spacing--50)\">\n<div class=\"wp-block-columns alignwide is-layout-flex wp-container-core-columns-is-layout-28f84493 wp-block-columns-is-layout-flex\">\n<div class=\"wp-block-column is-layout-flow wp-block-column-is-layout-flow\" style=\"flex-basis:100%\">\n<p>El 30 de marzo de 2022, la Comisi\u00f3n de la UE public\u00f3 unas pautas para impulsar a quienes consumen a avanzar hacia una transici\u00f3n ecol\u00f3gica. A trav\u00e9s de nuevas alternativas se orienta a tomar decisiones con conocimiento de causa, al tiempo que se les protege contra las pr\u00e1cticas desleales. Seg\u00fan un Eurobar\u00f3metro realizado en 2019, el medio ambiente es una cuesti\u00f3n personal importante para el 94 % de sus participantes, mientras que la encuesta sobre las condiciones de consumidores llevada a cabo por la Comisi\u00f3n de la UE en 2021 muestra que el 56 % de la UE presta atenci\u00f3n al impacto medioambiental de los bienes y servicios. Estos resultados son especialmente significativos en los sectores del calzado y la confecci\u00f3n, ya que est\u00e1n muy globalizados y repletos de casos de marketing enga\u00f1oso en relaci\u00f3n con la sostenibilidad.<\/p>\n\n\n\n<p>La motivaci\u00f3n del proyecto nace de la situaci\u00f3n de desconocimiento que tienen quienes consumen en la UE respecto a c\u00f3mo las marcas fingen que sus productos son sostenibles. Por esta raz\u00f3n, el objetivo de VETting Green es investigar esta circunstancia y desarrollar cursos sobre tales conceptos para ayudar a detectar las pr\u00e1cticas ecol\u00f3gicas enga\u00f1osas, y a elegir productos de marcas comprometidas con el medioambiente. Para ello, las entidades del proyecto trabajan en la concienciaci\u00f3n sobre los conceptos de greenwashing en los sectores del calzado y la confecci\u00f3n entre estudiantes de FP, profesionales y consumidores.<\/p>\n\n\n\n<p>Con este objetivo, el proyecto proporcionar\u00e1 contenidos formativos relevantes para ayudar a personas, empresas y consumidoras de calzado y la confecci\u00f3n en los siguientes temas:<\/p>\n\n\n\n<ul class=\"wp-block-list\">\n<li>Estrategias utilizadas por las empresas del sector del calzado y otros organismos relacionados que pueden considerarse greenwashing , y las etiquetas existentes.&nbsp;&nbsp;<\/li>\n\n\n\n<li>Herramientas para abordar la problem\u00e1tica del greenwashing a trav\u00e9s la interacci\u00f3n de sinergias entre diferentes sectores.<\/li>\n\n\n\n<li>Contenido sobre el greenwashing y las estrategias sostenibles actuales en cuanto a la creaci\u00f3n y fabricaci\u00f3n de productos ecol\u00f3gicos de alta calidad.<\/li>\n<\/ul>\n<\/div>\n<\/div>\n<\/div>\n\n\n\n<div class=\"wp-block-cover alignfull has-parallax\" style=\"padding-top:var(--wp--preset--spacing--50);padding-right:var(--wp--preset--spacing--50);padding-bottom:var(--wp--preset--spacing--50);padding-left:var(--wp--preset--spacing--50);min-height:800px;aspect-ratio:unset;\"><div class=\"wp-block-cover__image-background wp-image-285 has-parallax\" style=\"background-position:50% 50%;background-image:url(http:\/\/vettinggreen.eu\/wp-content\/uploads\/2024\/05\/bosque_vetting.jpg)\"><\/div><span aria-hidden=\"true\" class=\"wp-block-cover__background has-base-background-color has-background-dim-0 has-background-dim\"><\/span><div class=\"wp-block-cover__inner-container has-global-padding is-layout-constrained wp-container-core-cover-is-layout-e4fd886c wp-block-cover-is-layout-constrained\">\n<div style=\"height:500px\" aria-hidden=\"true\" class=\"wp-block-spacer\"><\/div>\n<\/div><\/div>\n\n\n\n<div class=\"wp-block-group alignfull has-base-2-background-color has-background has-global-padding is-layout-constrained wp-container-core-group-is-layout-7cd14b77 wp-block-group-is-layout-constrained\" id=\"objetivos\" style=\"margin-top:0;margin-bottom:0;padding-top:var(--wp--preset--spacing--60);padding-right:var(--wp--preset--spacing--60);padding-bottom:var(--wp--preset--spacing--60);padding-left:var(--wp--preset--spacing--60)\">\n<div class=\"wp-block-group is-vertical is-content-justification-center is-layout-flex wp-container-core-group-is-layout-52b864f0 wp-block-group-is-layout-flex\">\n<h2 class=\"wp-block-heading has-text-align-center is-style-asterisk\"><strong>Objetivos<\/strong><\/h2>\n\n\n\n<div style=\"height:0px\" aria-hidden=\"true\" class=\"wp-block-spacer wp-container-content-4f2ccadb\"><\/div>\n\n\n\n<p class=\"has-text-align-center\">Nuestro amplio conjunto de servicios profesionales atiende a una clientela diversa, desde propietarios de viviendas hasta promotores comerciales.<\/p>\n<\/div>\n\n\n\n<div style=\"margin-top:0;margin-bottom:0;height:min(4rem, 5vw)\" aria-hidden=\"true\" class=\"wp-block-spacer\"><\/div>\n\n\n\n<div class=\"wp-block-columns alignwide is-layout-flex wp-container-core-columns-is-layout-d0bbbce0 wp-block-columns-is-layout-flex\">\n<div class=\"wp-block-column is-layout-flow wp-container-core-column-is-layout-e3d1c41b wp-block-column-is-layout-flow\">\n<h3 class=\"wp-block-heading has-text-align-left is-style-asterisk has-body-font-family has-medium-font-size\" style=\"font-style:normal;font-weight:600\">Pol\u00edticas verdes<\/h3>\n\n\n\n<p class=\"has-text-align-left\">Apoyar a los agentes de cambio y las autoridades en la transici\u00f3n hacia pol\u00edticas verdes en relaci\u00f3n con el sector del calzado. Abordar las pr\u00e1cticas maliciosas que atentan contra la buena voluntad de las personas consumidoras.<\/p>\n<\/div>\n\n\n\n<div class=\"wp-block-column is-layout-flow wp-container-core-column-is-layout-e3d1c41b wp-block-column-is-layout-flow\">\n<h3 class=\"wp-block-heading has-text-align-left is-style-asterisk has-body-font-family has-medium-font-size\" style=\"font-style:normal;font-weight:600\">Informaci\u00f3n medioambiental<\/h3>\n\n\n\n<p class=\"has-text-align-left\">Dar informaci\u00f3n sobre pol\u00edticas medioambientales a profesionales y estudiantes de FP que se involucren en aprender sobre c\u00f3mo elongar la vida de los productos. Animar a las compa\u00f1ias a cambiar sus propias pol\u00edticas por otras m\u00e1s sostenibles.<\/p>\n<\/div>\n\n\n\n<div class=\"wp-block-column is-layout-flow wp-container-core-column-is-layout-e3d1c41b wp-block-column-is-layout-flow\">\n<h3 class=\"wp-block-heading has-text-align-left is-style-asterisk has-body-font-family has-medium-font-size\" style=\"font-style:normal;font-weight:600\">Sostenibilidad<\/h3>\n\n\n\n<p class=\"has-text-align-left\">Sensibilizar a las personas que trabajan en el sector del calzado y personas consumidoras sobre la trazabilidad y el etiquetado de los productos. Fomentar las decisiones conscientes de quienes compran. Provocar un cambio en la industria del calzado gracias a buenas pr\u00e1cticas y estrategias para comunicar informaci\u00f3n transparente sobre sostenibilidad.<\/p>\n<\/div>\n<\/div>\n<\/div>\n","protected":false},"excerpt":{"rendered":"<p>El 30 de marzo de 2022, la Comisi\u00f3n de la UE public\u00f3 unas pautas para impulsar a quienes consumen a [&hellip;]<\/p>\n","protected":false},"author":1,"featured_media":0,"parent":0,"menu_order":0,"comment_status":"closed","ping_status":"closed","template":"","meta":{"_monsterinsights_skip_tracking":false,"_monsterinsights_sitenote_active":false,"_monsterinsights_sitenote_note":"","_monsterinsights_sitenote_category":0,"footnotes":""},"class_list":["post-110","page","type-page","status-publish","hentry"],"jetpack_sharing_enabled":true,"_links":{"self":[{"href":"https:\/\/vettinggreen.eu\/es\/wp-json\/wp\/v2\/pages\/110","targetHints":{"allow":["GET"]}}],"collection":[{"href":"https:\/\/vettinggreen.eu\/es\/wp-json\/wp\/v2\/pages"}],"about":[{"href":"https:\/\/vettinggreen.eu\/es\/wp-json\/wp\/v2\/types\/page"}],"author":[{"embeddable":true,"href":"https:\/\/vettinggreen.eu\/es\/wp-json\/wp\/v2\/users\/1"}],"replies":[{"embeddable":true,"href":"https:\/\/vettinggreen.eu\/es\/wp-json\/wp\/v2\/comments?post=110"}],"version-history":[{"count":24,"href":"https:\/\/vettinggreen.eu\/es\/wp-json\/wp\/v2\/pages\/110\/revisions"}],"predecessor-version":[{"id":6892,"href":"https:\/\/vettinggreen.eu\/es\/wp-json\/wp\/v2\/pages\/110\/revisions\/6892"}],"wp:attachment":[{"href":"https:\/\/vettinggreen.eu\/es\/wp-json\/wp\/v2\/media?parent=110"}],"curies":[{"name":"wp","href":"https:\/\/api.w.org\/{rel}","templated":true}]}}

<div class="wp-block-group alignfull has-base-background-color has-background has-global-padding is-layout-constrained wp-container-core-group-is-layout-669513ed wp-block-group-is-layout-constrained" style="margin-top:0;margin-bottom:0;padding-top:var(--wp--preset--spacing--50);padding-right:var(--wp--preset--spacing--50);padding-bottom:var(--wp--preset--spacing--50);padding-left:var(--wp--preset--spacing--50)">
<div class="wp-block-columns alignwide is-layout-flex wp-container-core-columns-is-layout-28f84493 wp-block-columns-is-layout-flex">
<div class="wp-block-column is-layout-flow wp-block-column-is-layout-flow" style="flex-basis:100%">
<p>El 30 de marzo de 2022, la Comisión de la UE publicó unas pautas para impulsar a quienes consumen a avanzar hacia una transición ecológica. A través de nuevas alternativas se orienta a tomar decisiones con conocimiento de causa, al tiempo que se les protege contra las prácticas desleales. Según un Eurobarómetro realizado en 2019, el medio ambiente es una cuestión personal importante para el 94 % de sus participantes, mientras que la encuesta sobre las condiciones de consumidores llevada a cabo por la Comisión de la UE en 2021 muestra que el 56 % de la UE presta atención al impacto medioambiental de los bienes y servicios. Estos resultados son especialmente significativos en los sectores del calzado y la confección, ya que están muy globalizados y repletos de casos de marketing engañoso en relación con la sostenibilidad.</p>



<p>La motivación del proyecto nace de la situación de desconocimiento que tienen quienes consumen en la UE respecto a cómo las marcas fingen que sus productos son sostenibles. Por esta razón, el objetivo de VETting Green es investigar esta circunstancia y desarrollar cursos sobre tales conceptos para ayudar a detectar las prácticas ecológicas engañosas, y a elegir productos de marcas comprometidas con el medioambiente. Para ello, las entidades del proyecto trabajan en la concienciación sobre los conceptos de greenwashing en los sectores del calzado y la confección entre estudiantes de FP, profesionales y consumidores.</p>



<p>Con este objetivo, el proyecto proporcionará contenidos formativos relevantes para ayudar a personas, empresas y consumidoras de calzado y la confección en los siguientes temas:</p>



<ul class="wp-block-list">
<li>Estrategias utilizadas por las empresas del sector del calzado y otros organismos relacionados que pueden considerarse greenwashing , y las etiquetas existentes.&nbsp;&nbsp;</li>



<li>Herramientas para abordar la problemática del greenwashing a través la interacción de sinergias entre diferentes sectores.</li>



<li>Contenido sobre el greenwashing y las estrategias sostenibles actuales en cuanto a la creación y fabricación de productos ecológicos de alta calidad.</li>
</ul>
</div>
</div>
</div>



<div class="wp-block-cover alignfull has-parallax" style="padding-top:var(--wp--preset--spacing--50);padding-right:var(--wp--preset--spacing--50);padding-bottom:var(--wp--preset--spacing--50);padding-left:var(--wp--preset--spacing--50);min-height:800px;aspect-ratio:unset;"><div class="wp-block-cover__image-background wp-image-285 has-parallax" style="background-position:50% 50%;background-image:url(http://vettinggreen.eu/wp-content/uploads/2024/05/bosque_vetting.jpg)"></div><span aria-hidden="true" class="wp-block-cover__background has-base-background-color has-background-dim-0 has-background-dim"></span><div class="wp-block-cover__inner-container has-global-padding is-layout-constrained wp-container-core-cover-is-layout-e4fd886c wp-block-cover-is-layout-constrained">
<div style="height:500px" aria-hidden="true" class="wp-block-spacer"></div>
</div></div>



<div class="wp-block-group alignfull has-base-2-background-color has-background has-global-padding is-layout-constrained wp-container-core-group-is-layout-7cd14b77 wp-block-group-is-layout-constrained" id="objetivos" style="margin-top:0;margin-bottom:0;padding-top:var(--wp--preset--spacing--60);padding-right:var(--wp--preset--spacing--60);padding-bottom:var(--wp--preset--spacing--60);padding-left:var(--wp--preset--spacing--60)">
<div class="wp-block-group is-vertical is-content-justification-center is-layout-flex wp-container-core-group-is-layout-52b864f0 wp-block-group-is-layout-flex">
<h2 class="wp-block-heading has-text-align-center is-style-asterisk"><strong>Objetivos</strong></h2>



<div style="height:0px" aria-hidden="true" class="wp-block-spacer wp-container-content-4f2ccadb"></div>



<p class="has-text-align-center">Nuestro amplio conjunto de servicios profesionales atiende a una clientela diversa, desde propietarios de viviendas hasta promotores comerciales.</p>
</div>



<div style="margin-top:0;margin-bottom:0;height:min(4rem, 5vw)" aria-hidden="true" class="wp-block-spacer"></div>



<div class="wp-block-columns alignwide is-layout-flex wp-container-core-columns-is-layout-d0bbbce0 wp-block-columns-is-layout-flex">
<div class="wp-block-column is-layout-flow wp-container-core-column-is-layout-e3d1c41b wp-block-column-is-layout-flow">
<h3 class="wp-block-heading has-text-align-left is-style-asterisk has-body-font-family has-medium-font-size" style="font-style:normal;font-weight:600">Políticas verdes</h3>



<p class="has-text-align-left">Apoyar a los agentes de cambio y las autoridades en la transición hacia políticas verdes en relación con el sector del calzado. Abordar las prácticas maliciosas que atentan contra la buena voluntad de las personas consumidoras.</p>
</div>



<div class="wp-block-column is-layout-flow wp-container-core-column-is-layout-e3d1c41b wp-block-column-is-layout-flow">
<h3 class="wp-block-heading has-text-align-left is-style-asterisk has-body-font-family has-medium-font-size" style="font-style:normal;font-weight:600">Información medioambiental</h3>



<p class="has-text-align-left">Dar información sobre políticas medioambientales a profesionales y estudiantes de FP que se involucren en aprender sobre cómo elongar la vida de los productos. Animar a las compañias a cambiar sus propias políticas por otras más sostenibles.</p>
</div>



<div class="wp-block-column is-layout-flow wp-container-core-column-is-layout-e3d1c41b wp-block-column-is-layout-flow">
<h3 class="wp-block-heading has-text-align-left is-style-asterisk has-body-font-family has-medium-font-size" style="font-style:normal;font-weight:600">Sostenibilidad</h3>



<p class="has-text-align-left">Sensibilizar a las personas que trabajan en el sector del calzado y personas consumidoras sobre la trazabilidad y el etiquetado de los productos. Fomentar las decisiones conscientes de quienes compran. Provocar un cambio en la industria del calzado gracias a buenas prácticas y estrategias para comunicar información transparente sobre sostenibilidad.</p>
</div>
</div>
</div>

<p>El 30 de marzo de 2022, la Comisión de la UE publicó unas pautas para impulsar a quienes consumen a [&hellip;]</p>
